to base 5.
2
Convert -23 (base 9) to base 12.
-19
What is 10 (base 7) in base 2?
111
10023 (base 4) to base 12
1a3
Convert 9 (base 13) to base 11.
9
What is -100 (base 2) in base 14?
-4
What is 0 (base 7) in base 9?
0
What is 10 (base 3) in base 11?
3
What is -1 (base 10) in base 16?
-1
-4 (base 7) to base 3
-11
Convert 12 (base 5) to base 13.
7
-1 (base 13) to base 9
-1
Convert 8 (base 13) to base 5.
13
352 (base 6) to base 4
2030
What is 18 (base 16) in base 12?
20
20 (base 5) to base 10
10
65 (base 13) to base 16
53
e (base 16) to base 6
22
What is 2 (base 7) in base 12?
2
-13 (base 11) to base 6
-22
140 (base 5) to base 16
2d
What is -1254 (base 6) in base 7?
-640
Convert -7 (base 14) to base 7.
-10
-1 (base 9) to base 3
-1
What is 57 (base 11) in base 5?
222
What is 10 (base 3) in base 5?
3
11 (base 10) to base 13
b
What is -19 (base 15) in base 7?
-33
Convert -1 (base 16) to base 7.
-1
What is 6 (base 10) in base 5?
11
41 (base 8) to base 14
25
What is 29 (base 15) in base 12?
33
-79 (base 12) to base 5
-333
5 (base 15) to base 10
5
22 (base 5) to base 12
10
Convert -34 (base 15) to base 11.
-45
Convert 10000 (base 2) to base 6.
24
What is -8 (base 14) in base 7?
-11
Convert 0 (base 4) to base 2.
0
What is -7 (base 11) in base 15?
-7
What is 100110111 (base 2) in base 16?
137
What is -11 (base 8) in base 11?
-9
Convert 121 (base 4) to base 7.
34
What is -10 (base 6) in base 4?
-12
Convert 4 (base 11) to base 2.
100
Convert -5 (base 8) to base 5.
-10
What is 20 (base 4) in base 10?
8
What is 0 (base 8) in base 3?
0
153 (base 6) to base 11
63
Convert -14 (base 10) to base 13.
-11
-3 (base 9) to base 4
-3
23 (base 10) to base 4
113
What is 15 (base 13) in base 4?
102
Convert -1 (base 7) to base 8.
-1
Convert -210 (base 3) to base 12.
-19
What is -3 (base 12) in base 8?
-3
Convert 3 (base 9) to base 14.
3
Convert 16 (base 15) to base 13.
18
Convert 8 (base 14) to base 8.
10
Convert 20 (base 6) to base 15.
c
Convert -21 (base 16) to base 13.
-27
What is -101100 (base 2) in base 10?
-44
What is 2 (base 13) in base 3?
2
What is -6 (base 12) in base 2?
-110
-1 (base 14) to base 3
-1
What is -2 (base 15) in base 10?
-2
Convert 4 (base 9) to base 4.
10
-3 (base 8) to base 9
-3
Convert 1301 (base 4) to base 11.
a3
What is 101 (base 5) in base 16?
1a
What is 212 (base 4) in base 6?
102
-10 (base 13) to base 7
-16
2 (base 13) to base 15
2
-23 (base 7) to base 8
-21
What is -9 (base 14) in base 12?
-9
3 (base 15) to base 8
3
Convert 20 (base 7) to base 2.
1110
Convert -3 (base 15) to base 5.
-3
What is -12 (base 3) in base 13?
-5
47 (base 8) to base 13
30
248 (base 9) to base 14
10a
What is -1010 (base 2) in base 6?
-14
b (base 13) to base 2
1011
Convert -11 (base 2) to base 14.
-3
Convert 1 (base 12) to base 3.
1
-3 (base 14) to base 4
-3
What is 3 (base 14) in base 2?
11
What is -5b (base 12) in base 14?
-51
Convert 45 (base 16) to base 5.
234
3 (base 7) to base 13
3
a (base 15) to base 11
a
Convert -8 (base 12) to base 5.
-13
Convert -10110 (base 3) to base 6.
-233
0 (base 3) to base 11
0
What is 1 (base 9) in base 13?
1
-4 (base 16) to base 9
-4
130 (base 4) to base 11
26
d (base 16) to base 4
31
What is 15 (base 7) in base 16?
c
Convert -1022 (base 3) to base 5.
-120
Convert -3 (base 4) to base 2.
-11
a0 (base 13) to base 6
334
-4 (base 10) to base 16
-4
What is -26 (base 8) in base 7?
-31
-1 (base 6) to base 10
-1
Convert 245 (base 7) to base 2.
10000011
-4 (base 11) to base 16
-4
-6 (base 12) to base 16
-6
Convert 10 (base 5) to base 2.
101
-3 (base 6) to base 11
-3
Convert -16 (base 13) to base 7.
-25
Convert 8 (base 11) to base 14.
8
What is 120 (base 7) in base 16?
3f
Convert 142 (base 5) to base 10.
47
What is -1 (base 16) in base 10?
-1
Convert -1 (base 10) to base 11.
-1
What is 74 (base 10) in base 3?
2202
What is b6 (base 13) in base 4?
2111
-6 (base 10) to base 3
-20
Convert -1a3 (base 11) to base 12.
-176
What is -167 (base 11) in base 8?
-302
What is 11011 (base 2) in base 5?
102
Convert -d (base 15) to base 8.
-15
Convert -83 (base 10) to base 6.
-215
Convert 130 (base 4) to base 11.
26
Convert -303 (base 5) to base 10.
-78
Convert 33 (base 4) to base 11.
14
Convert 122 (base 4) to base 10.
26
What is 156 (base 10) in base 16?
9c
a (base 11) to base 12
a
51 (base 13) to base 12
56
What is -103 (base 7) in base 2?
-110100
What is 330 (base 8) in base 6?
1000
7 (base 16) to base 7
10
What is -4 (base 9) in base 16?
-4
What is 1 (base 11) in base 2?
1
10 (base 3) to base 10
3
What is 1 (base 2) in base 16?
1
What is 0 (base 4) in base 3?
0
Convert -98 (base 10) to base 15.
-68
3313 (base 4) to base 5
1442
22 (base 3) to base 16
8
Convert 10000100 (base 2) to base 10.
132
2 (base 14) to base 4
2
174 (base 13) to base 5
2024
What is -25 (base 12) in base 11?
-27
Convert -242 (base 11) to base 10.
-288
2 (base 3) to base 6
2
What is -2 (base 9) in base 13?
-2
What is -3 (base 9) in base 5?
-3
What is -84 (base 9) in base 11?
-6a
-230 (base 4) to base 16
-2c
-2 (base 15) to base 11
-2
-25 (base 7) to base 9
-21
-10010 (base 2) to base 10
-18
What is 10 (base 6) in base 8?
6
-3103 (base 4) to base 8
-323
-42 (base 13) to base 6
-130
Convert -12 (base 5) to base 7.
-10
-22 (base 9) to base 7
-26
What is 5 (base 11) in base 3?
12
Convert 6 (base 11) to base 10.
6
Convert -129 (base 14) to base 12.
-175
Convert -52 (base 13) to base 16.
-43
431 (base 5) to base 3
11022
-155 (base 10) to base 14
-b1
What is -9 (base 11) in base 12?
-9
What is 3 (base 15) in base 5?
3
Convert -420 (base 7) to base 4.
-3102
-32 (base 4) to base 11
-13
13 (base 6) to base 12
9
Convert -154 (base 15) to base 16.
-130
-6 (base 11) to base 4
-12
-2 (base 5) to base 3
-2
What is -13 (base 8) in base 10?
-11
35 (base 9) to base 3
1012
What is 5 (base 6) in base 15?
5
Convert 0 (base 2) to base 10.
0
Convert -100010 (base 2) to base 12.
-2a
What is -4 (base 9) in base 13?
-4
What is -11 (base 16) in base 10?
-17
Convert 7 (base 13) to base 15.
7
Convert -11001 (base 2) to base 15.
-1a
Convert 1 (base 10) to base 14.
1
What is 10201 (base 3) in base 7?
202
What is 239 (base 13) in base 7?
1061
What is -16 (base 11) in base 5?
-32
Convert 86 (base 13) to base 2.
1101110
Convert -3 (base 16) to base 5.
-3
Convert -62 (base 15) to base 5.
-332
What is -323 (base 4) in base 6?
-135
36 (base 7) to base 16
1b
4 (base 13) to base 3
11
Convert -44 (base 9) to base 2.
-101000
Convert -4 (base 13) to base 3.
-11
-b (base 12) to base 5
-21
Convert -1 (base 13) to base 5.
-1
-4 (base 11) to base 12
-4
300 (base 4) to base 14
36
-16 (base 10) to base 4
-100
9 (base 16) to base 5
14
Convert 8 (base 15) to base 16.
8
Convert 12 (base 5) to base 9.
7
What is -21 (base 9) in base 14?
-15
Convert 3 (base 14) to base 2.
11
Convert -d3 (base 16) to base 7.
-421
32 (base 8) to base 11
24
-31 (base 4) to base 10
-13
What is -13 (base 10) in base 7?
-16
Convert -130 (base 9) to base 10.
-108
Convert 334 (base 7) to base 4.
2230
What is 2 (base 3) in base 12?
2
5 (base 16) to base 2
101
111 (base 2) to base 12
7
Convert 16 (base 10) to base 2.
10000
Convert 3 (base 10) to base 14.
3
330 (base 6) to base 5
1001
Convert 69 (base 11) to base 15.
50
44 (base 13) to base 3
2002
Convert 50 (base 14) to base 15.
4a
Convert 1 (base 16) to base 2.
1
What is 3 (base 8) in base 15?
3
Convert -1 (base 14) to base 5.
-1
-61 (base 11) to base 15
-47
211 (base 6) to base 15
54
What is -45 (base 16) in base 5?
-234
Convert 54 (base 8) to base 13.
35
-13 (base 9) to base 13
-c
-4c (base 16) to base 4
-1030
Convert 10 (base 3) to base 6.
3
What is 2 (base 6) in base 16?
2
-6 (base 15) to base 6
-10
0 (base 4) to base 8
0
What is 14 (base 16) in base 8?
24
Convert 6 (base 7) to base 9.
6
Convert -21222 (base 3) to base 2.
-11010111
What is 22 (base 12) in base 7?
35
Convert 212 (base 4) to base 6.
102
2 (base 16) to base 7
2
Convert 10 (base 3) to base 12.
3
What is 1 (base 9) in base 4?
1
What is 32 (base 10) in base 5?
112
Convert -2 (base 7) to base 3.
-2
-122 (base 7) to base 15
-45
3 (base 14) to base 12
3
Convert -1212 (base 3) to base 16.
-32
Convert 7 (base 16) to base 14.
7
Convert -1001 (base 2) to base 14.
-9
What is -1111 (base 2) in base 10?
-15
Convert -1 (base 7) to base 6.
-1
Convert -1 (base